z be c(a). Suppose -3*i + i + z*l + 160 = 0, 3*i = 2*l + 235. Is i composite?
True
Let n(c) = 2*c**3 - 9*c**2 - 11*c + 7. Suppose 0*f - 28 = -3*f - 4*s, 3*f - 2*s - 22 = 0. Is n(f) a prime number?
True
Suppose 7 = 5*c - 3. Suppose -c*g - 11 + 289 = 0. Is g prime?
True
Suppose -9*f + 24970 = -273569. Is f prime?
False
Let r = -4008 - -11370. Suppose -4*m + 5*g + 9815 = 0, 3*m - g = 2*g + r. Is m composite?
True
Let a be ((-1)/(-2))/((-7)/(-42)). Suppose -f = -3*p, a*f = -0*f + 4*p. Suppose 0*s + s - 55 = f. Is s a prime number?
False
Let b = -407 + 2116. Is b prime?
True
Let h = -36 - -50. Let f be (-1571)/2 + 21/h. Let z = f - -2183. Is z a composite number?
False
Suppose 2*h - 8404 = -2*h. Is h a composite number?
True
Let f = 4247 - -4416. Is f a composite number?
False
Suppose -4*j - 980 = 4*k, 4*j = 4*k + 397 + 615. Let p = k - -638. Is p a composite number?
False
Let a be 15/(-35) + (-45)/(-7). Suppose -5*g = -a*g + 177. Is g prime?
False
Suppose 4*p - 4150 = -5*c + 2*p, 5*c + 3*p = 4150. Suppose 6*l - 5*l - c = 0. Suppose 5*t + f - 617 = 2*t, -5*f = 4*t - l. Is t composite?
True
Suppose -6*p + 18456 = 6*p. Suppose -3*g + p = -g. Is g composite?
False
Let n = -25066 + 37964. Is n composite?
True
Suppose 2*y = 3*m - 8 - 3, -3*m - 5*y + 25 = 0. Suppose -m*f + 160 = -3985. Is f composite?
False
Is (0 - 4269)/(10/(-10 - 0)) a composite number?
True
Suppose 0 = d - 140 - 9. Is d composite?
False
Let d = -26 - -28. Suppose -165 = -5*k + 5*i, -d*k - 5*i + 21 = -k. Suppose 3*r - 4*b = k + 12, -80 = -5*r + 5*b. Is r a composite number?
True
Suppose -5*p - 1461 = -2*l, p = -3*l + 2*p + 2159. Let q = l + -177. Is q a composite number?
False
Let u(f) be the third derivative of -f**4/8 - 4*f**2. Let g be u(-1). Suppose -23 = -g*h + n, 2*n + 17 = 2*h + n. Is h a prime number?
False
Let k be ((-45)/5)/(2/(-2)). Suppose 3*c + k = 0, -l + 145 = -0*c + 4*c. Is l prime?
True
Suppose z + 0*a - 3*a - 80 = 0, -5*z = a - 464. Is (24268 + 0/2)*23/z a composite number?
False
Let b = 3622 - 695. Is b a prime number?
True
Let b = 72 + -70. Is 6349 + b/(-2) + 5 prime?
True
Suppose 12*x + 17391 = 13*x - 2*o, 0 = -x + 3*o + 17387. Is x prime?
False
Let n(b) = 27*b**2 - 2*b + 2. Let w be n(3). Suppose -3*c + i + 4*i = -w, 2*c - i = 164. Is c a composite number?
False
Let p = 198 - 433. Is (-134)/(4/(-20) - 37/p) composite?
True
Suppose -72*h = -35*h - 1075479. Is h a composite number?
True
Suppose 0 = -104*k + 114*k - 56230. Is k prime?
True
Suppose -350*n = -356*n + 49578. Is n a prime number?
True
Let b = -177 + 322. Is ((-203)/b)/(2/(-290)) a prime number?
False
Let j(x) be the third derivative of x**2 + 1/60*x**6 + 1/6*x**4 + 0*x - 1/6*x**3 + 0 - 1/10*x**5. Is j(6) a prime number?
True
Suppose 32 = 3*u - 34. Suppose 3*h - 5*y = -3*y + u, 3*y = 4*h - 31. Suppose -j = 4*k + j - 78, -20 = h*j. Is k a composite number?
True
Let t(u) = 512*u - 113. Is t(2) a prime number?
True
Suppose 2*c = -3*m + 7*c - 7, -3*m = -4*c + 2. Let z be 692 - (-9)/m*2. Let k = z + -430. Is k prime?
False
Suppose 0 = z - o - 5038, o + 5036 = z - 2*o. Is z/4 + (-36)/48 a prime number?
True
Let s be 3*(1 + (-92)/(-12) - -4). Let o = s + 29. Is o a composite number?
False
Suppose 3*u = 8*u + 4005. Suppose -5*m = o - 24, 3*m + 4*o = -m + 32. Is (m + u/6)*-2 a prime number?
False
Let u(y) = -91*y**3 + y**2 - 4*y - 7. Let j be u(-3). Let f = j + -1582. Is f a composite number?
True
Suppose -k - 4*l = -0*k - 90, 191 = 2*k - 3*l. Suppose -k = -5*s + 3*s. Is s a prime number?
True
Suppose 5 - 9 = -4*w. Let b be (w*-2)/((-10)/(-905)). Let c = 358 + b. Is c prime?
False
Suppose -2*u + 5*h = -341, 8*u + h - 920 = 3*u. Suppose 4*v - 21 = u. Is v a composite number?
True
Let f = 863 + 526. Is f a composite number?
True
Suppose -4*c + m + 37779 = 0, 11*c - 7*c - 3*m - 37777 = 0. Is c composite?
True
Suppose -2*g - 2*s + 11576 + 25918 = 0, -4*s = -4*g + 74956. Is g prime?
True
Is 53 + 1452 + (-1)/1*-2 prime?
False
Suppose 8*j - 72 = 8. Suppose 15*a - 9575 = j*a. Is a a composite number?
True
Suppose 2*z + 3 = -y + 5, -z - 2 = 0. Let r(w) = 19*w**2 - 7*w - 1. Is r(y) composite?
False
Let b(y) = -1163*y - 1. Let h be b(-3). Suppose -4*w = d - 5*d - h, 0 = 2*d - 10. Is w a prime number?
True
Let v(d) = d**2 + 55*d**3 + 261*d + 1 + 52*d**3 - 517*d + 258*d. Let q(n) = n**3 + n**2 - n + 1. Let k be q(1). Is v(k) a prime number?
False
Suppose 10*q = 3*r + 12*q - 37535, 0 = 3*r - 5*q - 37570. Is r composite?
True
Is 536 - (3 + (4 - (-3 + 15))) a composite number?
False
Let r = -8779 - -28046. Is r a composite number?
False
Suppose m = 2*d - 14582, -2*d - 3*m = -8*m - 14598. Is d a composite number?
True
Let y(o) = o**2 + o + 26. Let s = 11 - 11. Let l be y(s). Is -1*l*7/(-2) a composite number?
True
Let x(g) = -3*g - 5. Let m(z) = -z - 12. Let i be m(-7). Let u be x(i). Suppose u*j - 57 = 9*j. Is j a prime number?
False
Let a be (88/(-110))/((-4)/10). Suppose -k = -5*x - 833, -a*k + 2*x = k - 2551. Is k a composite number?
False
Suppose 0 = 2*o + j - 12, j = -3*j + 8. Suppose o - 2 = -k, 0 = -2*c - 5*k - 19. Let d = c + 45. Is d a prime number?
True
Suppose -5*v = 15, -75 + 274 = n + 2*v. Let j = n + -146. Is j composite?
False
Let h(s) = -29*s**3 - 6*s**2 - 6*s - 4. Is h(-3) prime?
True
Is 16030208/224 - 3/7 prime?
True
Let x(n) = -6*n**3 - 15*n**2 - 45*n - 1. Is x(-7) a composite number?
False
Suppose -3*l - l + 35 = 5*m, 7 = m + l. Suppose 0 = -5*w + v + 11, v = 2*w - 6*w + m. Suppose 378 = 4*c + w*z - 298, 3*z - 12 = 0. Is c a prime number?
True
Let x be (78/(-9))/((-6)/9). Let y(a) = x*a + 18*a + 135*a - 11*a. Is y(1) composite?
True
Suppose -n + 11 = 24. Let g(c) = 5*c**2 + 20*c + 26. Is g(n) composite?
True
Let u be (8/(-6))/((-4)/12). Suppose -u*l + 1428 + 2056 = 0. Is l a composite number?
True
Suppose 6*c - 7 - 23 = 0. Suppose 4 = -j, j = v + c*j - 195. Is v prime?
True
Let b be 3*132 - (-2 + 1). Suppose 1656 = k + b. Is k prime?
True
Let a(n) = -724*n**3 - n**2 - 3*n - 1. Is a(-3) a prime number?
False
Let w = 65 + -69. Is (117/6)/(-13) - 3970/w prime?
True
Let x(l) = -269*l + 33. Let q be x(8). Let o = q + 3630. Is o a prime number?
True
Suppose 4*g - 11 = -3. Suppose g*w - 153 = 325. Is w a composite number?
False
Suppose 18*i + 6665 = 13*i. Let l = i - -1980. Is l a prime number?
True
Suppose -2*c = -10, -3*c - 30 = -4*d - 5*c. Suppose 5*w = d*j + 2220, 4*j + 2220 = 5*w + j. Suppose 3*n = 5*t - w, 3*t - 5*n + 3*n = 267. Is t composite?
True
Let s = 21 + -5. Suppose 21*q = s*q + 4035. Is q prime?
False
Let u(g) = 42*g + 17. Suppose -2*f - 25 = -7*f. Suppose -q = -10 - f. Is u(q) prime?
True
Suppose -3*j = -k - 190, 5*k - 3 = 7. Suppose j - 1397 = -y. Is y a prime number?
False
Is (-4*(-8)/(-96))/((-2)/80094) a composite number?
True
Suppose -17*l + 13*l - 896 = 0. Let i = 525 + l. Is i a composite number?
True
Let z(o) = -10*o - 4 + 4 - 7. Let t be z(-6). Let b = 102 - t. Is b a composite number?
True
Let m = -5054 - -11143. Is m prime?
True
Let l(i) = 2*i + 39. Let c be l(-9). Let s(k) = 6*k - 31. Is s(c) prime?
False
Let b be ((-12)/24)/((-1)/(-1812)). Let y = -555 - b. Let v = 718 - y. Is v a composite number?
False
Suppose 8 = q + 3*i, 0*q - i + 8 = -q. Let a(j) = -12*j**3 - 4*j**2 + j - 5. Is a(q) prime?
False
Suppose -3*z - 5*c = -4*z + 312, -z - 5*c = -272. Is z/1 - (14 + -11) composite?
True
Let a(h) = 16*h**2 + 17*h - 32. Is a(13) a prime number?
False
Let q(k) = 1 + 1515*k**3 + 0*k + 130*k**2 - 3*k - 130*k**2. Is q(1) prime?
False
Is 19/(133/387128) + 3 a composite number?
True
Let x = -13690 + 22539. Is x a prime number?
True
Let g = -4123 - -15986. Is g composite?
False
Let i(x) be the third derivative of 3*x**4/8 + 2*x**3/3 - 4*x**2. Let q(t) = 44*t + 20. Let y(o) = 11*i(o) - 2*q(o). Is y(2) prime?
False
Let c(j) = -218*j + 11. Is c(-4) prime?
True
Suppose 4 = -v + 1. Let p be v/1 + (-6)/(-1). Suppose 0*h + 27 = p*h. Is h a composite number?
True
Let r be 400/(-2) - (5 + -4 - 0). Let k = r - -312. Is k a composite number?
True
Suppose -5*s - j + 17 = -3*s, 3*j + 3 = 3*s. Let w be 0*((-1)/(-2) + 0). Suppose -s - 9 = -3*z, w = 3*a - 5*z - 1934. Is a prime?
True
Suppose -3 = -u - 0. Suppose -5*z + 956 = u*r, 3*r - 955 = -4*z - 0*z. Is r a prime number?
True
Let u(s) = -17*s - 59. Let q(c)